alculate h(60).
-34
Let o(g) = 2*g**3 - 9*g**2 - 62*g + 307. Give o(5).
22
Let o(r) = 288*r - 8616. Calculate o(30).
24
Let v(z) = -22*z**2 + 144*z - 1. Calculate v(4).
223
Let z(t) = -31*t**2 - 83*t - 17. Give z(-2).
25
Let b(f) = -2*f**2 + 20*f - 66. Determine b(14).
-178
Let b(v) = 2*v**2 - 8*v - 322. Calculate b(14).
-42
Let o(f) = f**3 - f**2 - 4*f + 27. What is o(3)?
33
Let y(t) = t**2 - 214*t + 1652. Calculate y(206).
4
Let t(q) = 1185*q - 2369. Calculate t(2).
1
Let v(r) = r**3 - 8*r**2 + r - 85. Calculate v(9).
5
Let n(c) = -c**3 - 76*c**2 + 323*c + 207. Determine n(-80).
-33
Let c(v) = 79*v**2 - 710*v - 1. Determine c(9).
8
Let d(t) = -t**3 + 10*t**2 - 31*t - 80. Give d(10).
-390
Let d(r) = 318*r - 1247. Calculate d(4).
25
Let w(s) = 40*s + 1607. Calculate w(-40).
7
Let x(h) = -1601*h - 70446. What is x(-44)?
-2
Let o(p) = p**3 - 7*p**2 - 14*p - 10. Determine o(9).
26
Let d(a) = -97*a**2 - 477*a - 60. Determine d(-5).
-100
Let d(h) = -5*h**2 - 50*h - 231. Determine d(-14).
-511
Let c(p) = -32*p**3 - 32*p**2 + 3*p - 1. Calculate c(-2).
121
Let c(x) = -x**3 + 9*x**2 - 13*x + 9. Determine c(4).
37
Let g(p) = -p**2 - 41*p - 296. What is g(-32)?
-8
Let s(i) = -3*i**2 + 46*i - 186. Give s(8).
-10
Let i(u) = 10*u**2 + 52*u + 35. Calculate i(-4).
-13
Let b(j) = 43*j**2 - 5*j. What is b(-1)?
48
Let x(j) = j**3 - 15*j**2 - 40*j - 5. Give x(-2).
7
Let x(d) = 51*d + 3895. Calculate x(-76).
19
Let b(w) = w**3 + 137*w**2 + 906*w - 502. Determine b(-130).
18
Let u(b) = 35*b - 1723. Determine u(52).
97
Let w(z) = 6*z**2 - 21*z + 43. Determine w(8).
259
Let g(x) = 6*x - 56. Give g(23).
82
Let x(k) = k**2 - 23*k + 2. Calculate x(5).
-88
Let d(w) = w**3 - 12*w**2 - 19*w - 133. Calculate d(14).
-7
Let g(q) = 458*q + 793. Determine g(-2).
-123
Let u(f) = -225*f**2 + 16*f - 18. Give u(1).
-227
Let x(h) = 12*h + 208. Give x(-14).
40
Let w(r) = r**2 - 14*r - 859. Give w(-23).
-8
Let z(l) = 3*l**2 + 131*l - 63. Calculate z(-44).
-19
Let z(r) = -r**3 + 38*r**2 + 305*r + 300. Calculate z(45).
-150
Let x(p) = p**3 - 43*p**2 - p + 126. What is x(43)?
83
Let n(h) = -h**2 - 467*h - 3229. Calculate n(-7).
-9
Let q(y) = -20*y + 2644. Determine q(133).
-16
Let b(o) = 3*o**2 - 207*o - 219. Determine b(68).
-423
Let n(o) = 24*o**2 + 27*o - 3. Give n(-1).
-6
Let j(x) = -49*x - 4110. Give j(-84).
6
Let w(r) = -6*r**2 + 1019*r + 161. What is w(170)?
-9
Let r(l) = l**3 - 41*l**2 + 261*l + 82. What is r(33)?
-17
Let n(r) = -r**3 - 12*r**2 - 4*r - 40. Give n(-11).
-117
Let u(q) = -40*q**2 + 11*q - 1. Determine u(-1).
-52
Let a(d) = 196*d - 2165. What is a(11)?
-9
Let j(q) = -6*q + 472. What is j(77)?
10
Let b(o) = -o**2 - 13*o + 38. Determine b(-15).
8
Let d(r) = -r**2 + 5*r + 536. Give d(-21).
-10
Let m(o) = -56*o - 900. Give m(-15).
-60
Let h(b) = -2403*b + 19218. Give h(8).
-6
Let l(j) = j**2 - 11*j + 11. Give l(1).
1
Let g(z) = -4*z**3 - 3*z**2 + 2*z - 5. Determine g(2).
-45
Let y(s) = -53*s + 3457. Give y(58).
383
Let q(u) = 391*u - 27759. Calculate q(71).
2
Let m(v) = v**3 - 13*v**2 + 19*v + 138. Give m(6).
0
Let k(i) = 19*i**2 + 3792*i - 1577. Determine k(-200).
23
Let n(h) = -2*h**3 + 77*h**2 + 40*h - 26. Calculate n(39).
13
Let l(n) = -n**3 - 12*n**2 - 3*n - 7. Determine l(-10).
-177
Let u(g) = 127*g + 275. What is u(-2)?
21
Let v(b) = -169*b + 158. Calculate v(-1).
327
Let g(f) = -33*f + 1333. Give g(40).
13
Let x(m) = 5*m**2 - 203*m + 951. Calculate x(35).
-29
Let p(j) = -j**2 + 6*j - 11. Calculate p(4).
-3
Let k(p) = -38*p**2 - 2704*p - 373. What is k(-71)?
53
Let a(k) = -3*k**2 + 24*k + 68. Calculate a(9).
41
Let z(d) = 52*d + 1293. Give z(-25).
-7
Let v(a) = -68*a**2 - 3472*a + 3473. Calculate v(1).
-67
Let j(b) = -99*b - 3643. Determine j(-37).
20
Let x(w) = -41*w**2 + 864*w - 19. Determine x(21).
44
Let p(o) = -66*o + 179. Calculate p(5).
-151
Let z(u) = u**3 - 9*u**2 + 3*u + 45. Determine z(7).
-32
Let z(d) = -2090*d + 37617. Give z(18).
-3
Let r(t) = -337*t - 680. Give r(-2).
-6
Let g(o) = 41*o**2 - 31*o + 23. What is g(-5)?
1203
Let j(x) = 64*x + 1972. Give j(-31).
-12
Let l(x) = 15*x**2 + 469*x + 987. Give l(-29).
1
Let v(m) = -9*m**3 + 54*m**2 - 4*m + 11. Calculate v(6).
-13
Let o(i) = -78*i + 5538. Calculate o(71).
0
Let k(b) = 42*b**3 + 5*b**2 + 2*b + 4. Calculate k(-2).
-316
Let t(c) = -30*c**2 + 121*c - 18. Give t(4).
-14
Let b(w) = 29*w**3 + w**2 + w + 1. What is b(-1)?
-28
Let w(p) = -p**2 + 66*p + 11449. What is w(-79)?
-6
Let w(a) = -21*a - 1487. What is w(-72)?
25
Let c(b) = b**3 + b**2 + 71*b + 139. Give c(-2).
-7
Let u(v) = v**3 - 16*v**2 + 24*v - 97. Determine u(15).
38
Let y(w) = 2*w + 9. Determine y(-14).
-19
Let f(o) = o**3 + 12*o**2 - 16*o - 36. What is f(-13)?
3
Let a(n) = n**2 - 206*n + 1891. What is a(9)?
118
Let l(w) = -143*w - 1640. Give l(-11).
-67
Let s(k) = -172*k - 1763. Calculate s(-10).
-43
Let p(d) = 5*d**2 + 312*d + 880. Give p(-3).
-11
Let h(v) = 2*v**3 - 83*v**2 - 45*v + 72. Give h(42).
-54
Let b(d) = 2*d**2 - 9*d + 134. Determine b(7).
169
Let u(j) = j**3 - 31*j**2 - 115*j + 449. Give u(34).
7
Let n(p) = 9467*p - 75728. Calculate n(8).
8
Let f(r) = -72*r + 26. Calculate f(-1).
98
Let n(o) = -19*o - 2816. Give n(-148).
-4
Let x(j) = -41*j - 328. Give x(-8).
0
Let g(u) = u**3 + 38*u**2 + 106*u + 47. What is g(-35)?
12
Let x(f) = f**3 - 40*f**2 - 30*f - 448. What is x(41)?
3
Let d(q) = -3*q**2 + 28*q - 72. What is d(6)?
-12
Let t(v) = v**3 - 15*v**2 + 22*v - 169. What is t(11)?
-411
Let d(g) = -g**3 + 49*g**2 + 272*g + 43. Determine d(54).
151
Let l(o) = o**2 - 51*o - 9. Calculate l(51).
-9
Let z(g) = 26*g - 198. Determine z(8).
10
Let x(y) = -2*y**2 - 160*y - 1418. What is x(-10)?
-18
Let g(w) = -2*w**2 - w - 117. Give g(0).
-117
Let y(z) = -48*z + 239. Give y(9).
-193
Let k(q) = q**3 + 9*q**2 + 12*q - 19. Give k(-7).
-5
Let c(b) = -b**3 - 9*b**2 + 72*b + 10. Give c(-13).
-250
Let u(t) = -2*t**3 - 7*t**2 - 8*t + 1. Give u(-3).
16
Let k(c) = -2686*c - 2685. What is k(-1)?
1
Let q(l) = l**2 + 19*l + 108. What is q(-16)?
60
Let w(z) = -234*z - 14956. Determine w(-64).
20
Let r(m) = m**3 + 52*m**2 - 110*m - 41. What is r(-54)?
67
Let d(b) = 6*b**2 + 45*b - 53. What is d(-6)?
-107
Let r(y) = 30*y + 421. Determine r(-11).
91
Let s(n) = -181*n - 508. Determine s(-4).
216
Let z(k) = 6*k**2 - 63*k - 272. Determine z(15).
133
Let b(p) = -p**2 + 26*p - 148. Determine b(7).
-15
Let g(o) = -501*o + 1004. Calculate g(2).
2
Let d(s) = -14*s**2 - 202*s + 38. What is d(-15)?
-82
Let y(o) = o**3 - 25*o**2 - 39. What is y(25)?
-39
Let l(d) = -233*d - 295. What is l(-2)?
171
Let s(w) = 403*w - 5639. What is s(14)?
3
Let q(t) = t**2 - 493*t - 2498. Calculate q(-5).
-8
Let c(l) = 266*l + 3997. Determine c(-15).
7
Let x(z) = 803*z - 6422. Give x(8).
2
Let m(v) = v**3 - 4*v**2 - 4*v - 5. Determine m(-3).
-56
Let q(o) = -8*o - 158. Give q(6).
-206
Let z(u) = 89*u - 4628. Determine z(48).
-356
Let h(b) = -9*b**2 - 194*b + 74. Give h(-22).
-14
Let o(l) = l**2 - 4*l + 3. Calculate o(1).
0
Let z(c) = -c**3 + 82*c**2 + 329*c + 1366. What is z(86)?
76
Let s(i) = i**3 + 2*i**2 - 36*i - 68. Determine s(-2).
4
Let t(q) = -2*q**3 - 11*q**2 + 12*q + 7. What is t(4)?
-249
Let b(g) = 75*g**2 + 303*g + 13. Determine b(-4).
1
Let j(d) = -d**3 - 6*d**2 - 19*d - 86. Determine j(-4).
-42
Let a(g) = 296*g + 575. What is a(-3)?
-313
Let a(r) = -r**2 - 33*r - 293. Determine a(-16).
-21
Let a(z) = -3*z**2 - 119*z - 1146. Determine a(-23).
4
Let p(v) = -v**3 - 24*v**2 + 3*v + 63. Give p(-24).
-9
Let q(w) = -6*w**3 + 6*w - 1. What is q(2)?
-37
Let w(q) = -q**2 - 30*q + 63. Calculate w(-32).
-1
Let p(i) = 2*i**2 - 44*i + 209. Give p(16).
17
Let k(q) = -63*q + 657. What is k(12)?
-99
Let r(v) = v**2 - 567*v - 4039. Determine r(-7).
-21
Let r(g) = 3*g**3 - 281*g**2 + 3078*g + 3. What is r(81)?
3
Let o(d) = -d**3 - 14*d**2 + 247*d + 75. What is o(-24)?
-93
Let h(x) = -4*x**2 - 132*x - 105. Calculate h(-31).
143
Let w(c) = 3361*c - 47043. Give w(14).
11
Let t(o) = -o**2 + 20*o + 3996. Determine t(-54).
0
Let g(n) = n**2 - 30*n + 194. What is g(22)?
18
Let p(j) = 133*j + 13710. Calculate p(-103).
11
Let m(f) = f**2 + 36*f + 269. Give m(-10).
9
Let l(w) = 1110*w - 18863. Give l(17).
7
Let k(a) = a**3 - 35*a**2 + 39*a - 164. Calculate k(34).
6
Let j(x) = -x**3 + 24*x**2 + 19*